{"id":4587,"date":"2023-07-10T10:38:04","date_gmt":"2023-07-10T08:38:04","guid":{"rendered":"https:\/\/www.argentijnsemuziek.nl\/?page_id=4587"},"modified":"2025-03-05T16:02:12","modified_gmt":"2025-03-05T15:02:12","slug":"harmonicas","status":"publish","type":"page","link":"https:\/\/www.argentijnsemuziek.nl\/index.php\/harmonicas\/","title":{"rendered":"Harmonica&#8217;s"},"content":{"rendered":"<p>De harmonica&#8217;s worden veel gebruikt in het noordoostelijk deel van Argentini\u00eb, de Litoral, en in het gebied van de rivier La Plata, waar de tango ontstaan is.<\/p>\n<p><strong><img fetchpriority=\"high\" decoding=\"async\" class=\" wp-image-4375 alignleft\" src=\"https:\/\/www.argentijnsemuziek.nl\/wp-content\/uploads\/instrBandoneon.jpg\" alt=\"\" width=\"300\" height=\"213\" \/>Bandone\u00f3n<\/strong><br \/>\nDe bandone\u00f3n is het meest karakteristieke instrument van de tango geworden. De bandone\u00f3n ontstond rond 1850 in Duitsland en werd door immigranten meegenomen naar Argentini\u00eb.<br \/>\nVanaf 1900 wordt de bandone\u00f3n veel gebruikt in de tangomuziek. In het orquesta t\u00edpica, dat in de jaren dertig ontstond, speelden wel vier of vijf bandoneons. <a href=\"https:\/\/www.argentijnsemuziek.nl\/index.php\/bandoneon-2\/\">Lees meer &#8230;<\/a><br \/>\nIn Nederland kreeg de bandone\u00f3n plotseling algemene bekendheid door het gebruik van het instrument in de huwelijksplechtigheid van Willem-Alexander en M\u00e1xima, waar Carel Kraayenhof Adios Nonino speelde.<\/p>\n<p><img decoding=\"async\" class=\"alignnone size-full wp-image-4427\" src=\"https:\/\/www.argentijnsemuziek.nl\/wp-content\/uploads\/knopVideokl.jpg\" alt=\"\" width=\"10\" height=\"12\" \/>\u00a0<a href=\"https:\/\/www.youtube.com\/watch?v=bJWD_789-OE\" target=\"_blank\" rel=\"noopener\">Adios Nonino<\/a> van Astor Piazzolla door Carel Kraayenhof tijdens de koninklijke bruiloft in 2002<\/p>\n<p><strong><img decoding=\"async\" class=\" wp-image-4371 alignleft\" src=\"https:\/\/www.argentijnsemuziek.nl\/wp-content\/uploads\/instrAccordeon-300x225.jpg\" alt=\"\" width=\"217\" height=\"163\" srcset=\"https:\/\/www.argentijnsemuziek.nl\/wp-content\/uploads\/instrAccordeon-300x225.jpg 300w, https:\/\/www.argentijnsemuziek.nl\/wp-content\/uploads\/instrAccordeon.jpg 354w\" sizes=\"(max-width: 217px) 100vw, 217px\" \/>Accordeon<\/strong><br \/>\nIn het noordoostelijk rivierengebied van Argentini\u00eb wordt vaak de accordeon gebruikt, oa voor de ritmes chamam\u00e9 en polca.\u00a0 lees meer over ritmes, op alfabet &#8230;<br \/>\nDe twee instrumenten hebben gemeen dat ze allebei geluid maken bij in- en uittrekken, maar bij de accordeon zijn de tonen van de linkerhand vast aan elkaar gekoppeld.Bij de bandone\u00f3n zijn de tonen bij duwen en trekken verschillend, maar bij de chromatische accordeon zijn ze gelijk.<br \/>\nRa\u00fal Barboza werd een legende op de accordeon. Op de CD van Carreras speelde hij de chamam\u00e9 uit Navidad Nuestra. In \u00e9\u00e9n van de onderstaande geluidsfragmenten speelt hij een eigen compositie.<\/p>\n<p><img loading=\"lazy\" decoding=\"async\" class=\"alignnone size-full wp-image-4426\" src=\"https:\/\/www.argentijnsemuziek.nl\/wp-content\/uploads\/knopAudiokl.jpg\" alt=\"\" width=\"8\" height=\"12\" \/>\u00a0La Anunciaci\u00f3n, een chamam\u00e9 uit <a href=\"https:\/\/www.argentijnsemuziek.nl\/index.php\/navidad-nuestra\/\">Navidad Nuestra<\/a> van Ariel Ram\u00edrez, gezongen door Javier Rodr\u00edguez op <a href=\"https:\/\/www.argentijnsemuziek.nl\/index.php\/cd-misa-por-la-paz-y-la-justicia\/\">CD Misa por la paz y la Justicia<\/a>, begeleid op accordeon door Fana Mart\u00ednez, fragment<\/p>\n<audio class=\"wp-audio-shortcode\" id=\"audio-4587-1\" preload=\"none\" style=\"width: 100%;\" controls=\"controls\"><source type=\"audio\/mpeg\" src=\"https:\/\/www.argentijnsemuziek.nl\/wp-content\/uploads\/JRNavidad-Anunciacion.mp3?_=1\" \/><a href=\"https:\/\/www.argentijnsemuziek.nl\/wp-content\/uploads\/JRNavidad-Anunciacion.mp3\">https:\/\/www.argentijnsemuziek.nl\/wp-content\/uploads\/JRNavidad-Anunciacion.mp3<\/a><\/audio>\n<p>&nbsp;<\/p>\n<figure id=\"attachment_4484\" aria-describedby=\"caption-attachment-4484\" style=\"width: 140px\" class=\"wp-caption alignright\"><img loading=\"lazy\" decoding=\"async\" class=\"size-full wp-image-4484\" src=\"https:\/\/www.argentijnsemuziek.nl\/wp-content\/uploads\/MusRaulBarboza.jpg\" alt=\"\" width=\"150\" height=\"109\" \/><figcaption id=\"caption-attachment-4484\" class=\"wp-caption-text\">Raul Barboza<\/figcaption><\/figure>\n<p><img decoding=\"async\" class=\"alignnone size-full wp-image-4427\" src=\"https:\/\/www.argentijnsemuziek.nl\/wp-content\/uploads\/knopVideokl.jpg\" alt=\"\" width=\"10\" height=\"12\" \/> <a href=\"https:\/\/www.youtube.com\/watch?v=bJWD_789-OE\" target=\"_blank\" rel=\"noopener\">Tren espreso<\/a>, een polca gecomponeerd en gespeeld door Ra\u00fal Barboza<\/p>\n<p>&nbsp;<\/p>\n","protected":false},"excerpt":{"rendered":"<p>De harmonica&#8217;s worden veel gebruikt in het noordoostelijk deel van Argentini\u00eb, de Litoral, en in het gebied van de rivier La Plata, waar de tango ontstaan is. Bandone\u00f3n De bandone\u00f3n is het meest karakteristieke instrument van de tango geworden. De bandone\u00f3n ontstond rond 1850 in Duitsland en werd door immigranten meegenomen naar Argentini\u00eb. Vanaf 1900 &#8230; <a title=\"Harmonica&#8217;s\" class=\"read-more\" href=\"https:\/\/www.argentijnsemuziek.nl\/index.php\/harmonicas\/\" aria-label=\"Lees meer over Harmonica&#8217;s\">Lees verder<\/a><\/p>\n","protected":false},"author":1,"featured_media":0,"parent":0,"menu_order":0,"comment_status":"closed","ping_status":"closed","template":"","meta":{"footnotes":""},"class_list":["post-4587","page","type-page","status-publish"],"_links":{"self":[{"href":"https:\/\/www.argentijnsemuziek.nl\/index.php\/wp-json\/wp\/v2\/pages\/4587","targetHints":{"allow":["GET"]}}],"collection":[{"href":"https:\/\/www.argentijnsemuziek.nl\/index.php\/wp-json\/wp\/v2\/pages"}],"about":[{"href":"https:\/\/www.argentijnsemuziek.nl\/index.php\/wp-json\/wp\/v2\/types\/page"}],"author":[{"embeddable":true,"href":"https:\/\/www.argentijnsemuziek.nl\/index.php\/wp-json\/wp\/v2\/users\/1"}],"replies":[{"embeddable":true,"href":"https:\/\/www.argentijnsemuziek.nl\/index.php\/wp-json\/wp\/v2\/comments?post=4587"}],"version-history":[{"count":5,"href":"https:\/\/www.argentijnsemuziek.nl\/index.php\/wp-json\/wp\/v2\/pages\/4587\/revisions"}],"predecessor-version":[{"id":6389,"href":"https:\/\/www.argentijnsemuziek.nl\/index.php\/wp-json\/wp\/v2\/pages\/4587\/revisions\/6389"}],"wp:attachment":[{"href":"https:\/\/www.argentijnsemuziek.nl\/index.php\/wp-json\/wp\/v2\/media?parent=4587"}],"curies":[{"name":"wp","href":"https:\/\/api.w.org\/{rel}","templated":true}]}}