{"id":4603,"date":"2023-07-13T17:29:55","date_gmt":"2023-07-13T15:29:55","guid":{"rendered":"https:\/\/www.argentijnsemuziek.nl\/?page_id=4603"},"modified":"2023-08-27T12:01:28","modified_gmt":"2023-08-27T10:01:28","slug":"ariel-ramirez","status":"publish","type":"page","link":"https:\/\/www.argentijnsemuziek.nl\/index.php\/ariel-ramirez\/","title":{"rendered":"Ariel Ram\u00edrez"},"content":{"rendered":"<div id=\"page_content\" class=\"auto-style6\"><strong>Argentijnse volksmuziek, pianist, componist<\/strong><\/div>\n<figure id=\"attachment_4447\" aria-describedby=\"caption-attachment-4447\" style=\"width: 140px\" class=\"wp-caption alignleft\"><img decoding=\"async\" class=\"wp-image-4447 size-thumbnail\" src=\"https:\/\/www.argentijnsemuziek.nl\/wp-content\/uploads\/MC1952amsterdam-150x150.jpg\" alt=\"\" width=\"150\" height=\"150\" srcset=\"https:\/\/www.argentijnsemuziek.nl\/wp-content\/uploads\/MC1952amsterdam-150x150.jpg 150w, https:\/\/www.argentijnsemuziek.nl\/wp-content\/uploads\/MC1952amsterdam.jpg 281w\" sizes=\"(max-width: 150px) 100vw, 150px\" \/><figcaption id=\"caption-attachment-4447\" class=\"wp-caption-text\">Amsterdam 1952<\/figcaption><\/figure>\n<p>Ariel Ram\u00edrez, geboren in Santa F\u00e9 in Argentini\u00eb in 1921, verspreidde vanaf het begin van de jaren vijftig van de 20e eeuw zijn kennis van en liefde voor de Argentijnse folkloremuziek. Hij componeerde toen al enige jaren, vooral <img decoding=\"async\" class=\"alignnone size-full wp-image-4427\" src=\"https:\/\/www.argentijnsemuziek.nl\/wp-content\/uploads\/knopVideokl.jpg\" alt=\"\" width=\"10\" height=\"12\" \/>\u00a0<a href=\"https:\/\/www.youtube.com\/watch?v=Dh8OUd6HNs8\" target=\"_blank\" rel=\"noopener\">pianostukken<\/a> voor zichzelf, maar ook liederen. Zijn in Argentini\u00eb bekende <img decoding=\"async\" class=\"alignnone size-full wp-image-4427\" src=\"https:\/\/www.argentijnsemuziek.nl\/wp-content\/uploads\/knopVideokl.jpg\" alt=\"\" width=\"10\" height=\"12\" \/> <a href=\"https:\/\/www.facebook.com\/watch\/?v=586541702837113\" target=\"_blank\" rel=\"noopener\">La tristecita<\/a> dateert van 1945.<br \/>\n<img decoding=\"async\" class=\"alignright wp-image-4451 size-thumbnail\" src=\"https:\/\/www.argentijnsemuziek.nl\/wp-content\/uploads\/MusArielRamirezkl-150x150.jpg\" alt=\"\" width=\"150\" height=\"150\" \/>In 1952 vertrok Ram\u00edrez, zonder geld of duidelijk plan, naar Europa om muzikale lezingen te geven en zelf verder kennis te maken met de Europese muziek. In kleine theaters, vaak bij universiteiten, liet hij de Argentijnse ritmes horen op piano, o.a. in Amsterdam, Rotterdam en Utrecht, geholpen door nieuwe vrienden die hem onderdak gaven. Toen hij in 1954 terugkeerde naar Argentini\u00eb wilde hij een religieus werk schrijven, dat hij op zou dragen aan zijn Europese vrienden, maar doordat hij steeds bekender werd in eigen land kwam dat er niet van. Tot in 1963 de mis in de volkstaal toegestaan werd door de katholieke kerk. Toen zette Ram\u00edrez zich aan de compositie van de <a href=\"https:\/\/www.argentijnsemuziek.nl\/index.php\/misa-criolla\/\">Misa Criolla<\/a>.<\/p>\n<p><strong>Misa Criolla en ander koorwerk<\/strong><br \/>\n<img loading=\"lazy\" decoding=\"async\" class=\"alignright wp-image-4324 size-thumbnail\" src=\"https:\/\/www.argentijnsemuziek.nl\/wp-content\/uploads\/1997RamRodr-150x150.jpg\" alt=\"\" width=\"150\" height=\"150\" \/>In 1964 brak Ram\u00edrez wereldwijd door met het verschijnen van de Philips-LP Misa Criolla (B-zijde de kerstcantate <a href=\"https:\/\/www.argentijnsemuziek.nl\/index.php\/navidad-nuestra\/\">Navidad Nuestra<\/a>), een mengeling van Argentijnse volksmuziek, Europese en Zuid-Amerikaanse instrumenten en de gangbare liturgie.<br \/>\nIn 1967 kwam Ram\u00edrez, samen met andere Argentijnse musici, naar Europa. Na een TV optreden voor de Nederlandse KRO ging de tour naar Duitsland, waar de Misa Criolla en Navidad Nuestra (in maart!) <img decoding=\"async\" class=\"alignnone size-full wp-image-4427\" src=\"https:\/\/www.argentijnsemuziek.nl\/wp-content\/uploads\/knopVideokl.jpg\" alt=\"\" width=\"10\" height=\"12\" \/>\u00a0<a href=\"https:\/\/www.youtube.com\/watch?v=NE7fSQlxn0c\">de Europese premi\u00e8re<\/a> met Ram\u00edrez beleefde.<br \/>\nIn 1965 componeerde Ram\u00edrez het nationalistisch getinte koorwerk <img decoding=\"async\" class=\"alignnone size-full wp-image-4427\" src=\"https:\/\/www.argentijnsemuziek.nl\/wp-content\/uploads\/knopVideokl.jpg\" alt=\"\" width=\"10\" height=\"12\" \/> <a href=\"https:\/\/www.youtube.com\/watch?v=95mXNSD9XXw\">Los Caudillos<\/a> over de strijders voor de bevrijding van zuidelijk Zuid-Amerika. Het stuk voor koor en symfonieorkest vond in het buitenland geen gehoor, maar wordt in Argentini\u00eb nog wel een enkele keer uitgevoerd.<br \/>\n<img loading=\"lazy\" decoding=\"async\" class=\"size-full wp-image-4324 alignright\" src=\"https:\/\/www.argentijnsemuziek.nl\/wp-content\/uploads\/1997RamRodr.jpg\" alt=\"\" width=\"192\" height=\"169\" \/>Tijdens de militaire dictatuur, omstreeks 1981, maakte hij zijn grote en indrukwekkende <a href=\"https:\/\/www.argentijnsemuziek.nl\/index.php\/misa-por-la-paz-y-la-justicia\/\">Misa por la Paz y la Justicia<\/a>, de vredesmis, volgens Ram\u00edrez zelf zijn beste werk. Tot 2005 werd dit werk vrijwel alleen uitgevoerd met de maestro zelf aan de vleugel. De Europese premi\u00e8re was in 1997 in Nederland (foto rechts Concertgebouw met tenor Javier Rodr\u00edguez). In 2007 publiceerde de Stichting Argentijnse Muziek voor het eerst de partituur en sindsdien wordt de mis, zeker in Nederland, vaker uitgevoerd. <img decoding=\"async\" class=\"alignnone size-full wp-image-4427\" src=\"https:\/\/www.argentijnsemuziek.nl\/wp-content\/uploads\/knopVideokl.jpg\" alt=\"\" width=\"10\" height=\"12\" \/> <a href=\"https:\/\/www.youtube.com\/watch?v=XY5PHDC8xk0&amp;feature=youtu.be\" target=\"_blank\" rel=\"noopener\">december Hattem 2016<\/a><\/p>\n<figure id=\"attachment_4487\" aria-describedby=\"caption-attachment-4487\" style=\"width: 115px\" class=\"wp-caption alignleft\"><img loading=\"lazy\" decoding=\"async\" class=\"wp-image-4487\" src=\"https:\/\/www.argentijnsemuziek.nl\/wp-content\/uploads\/MusSosa-Mercedesjong-.jpg\" alt=\"\" width=\"125\" height=\"173\" \/><figcaption id=\"caption-attachment-4487\" class=\"wp-caption-text\">Mercedes Sosa<\/figcaption><\/figure>\n<p><strong>Andere composities<\/strong><br \/>\nTijdens de tournee in Duitsland in 1967 werkte hij voor het eerst met de toen nog weinig bekende zangeres <a href=\"https:\/\/www.argentijnsemuziek.nl\/index.php\/mercedes-sosa\/\">Mercedes Sosa<\/a>. Er ontstond een intensieve vriendschap en in de jaren 60 en 70 componeerde hij speciaal voor haar stem twee liederencycli: <a href=\"https:\/\/www.argentijnsemuziek.nl\/index.php\/mujeres-argentinas\/\">Mujeres Argentinas<\/a> (Argentijnse vrouwen, waaronder <img decoding=\"async\" class=\"alignnone size-full wp-image-4427\" src=\"https:\/\/www.argentijnsemuziek.nl\/wp-content\/uploads\/knopVideokl.jpg\" alt=\"\" width=\"10\" height=\"12\" \/> <a href=\"https:\/\/www.youtube.com\/watch?v=CL6MP5bqzAM\" target=\"_blank\" rel=\"noopener\">Alfonsina y el Mar<\/a> en <img decoding=\"async\" class=\"alignnone size-full wp-image-4427\" src=\"https:\/\/www.argentijnsemuziek.nl\/wp-content\/uploads\/knopVideokl.jpg\" alt=\"\" width=\"10\" height=\"12\" \/> Juana Azurduy, hier met Javier Rodr\u00edguez) en Cantata Sudamericana (o.a. <img decoding=\"async\" class=\"alignnone size-full wp-image-4427\" src=\"https:\/\/www.argentijnsemuziek.nl\/wp-content\/uploads\/knopVideokl.jpg\" alt=\"\" width=\"10\" height=\"12\" \/> <a href=\"https:\/\/www.youtube.com\/watch?v=hNExB4z3FJ4\" target=\"_blank\" rel=\"noopener\">Es Sudam\u00e9rica mi Voz<\/a>).<\/p>\n<p><strong>Meer samenwerking<\/strong><br \/>\n<img loading=\"lazy\" decoding=\"async\" class=\"alignright wp-image-4370\" src=\"https:\/\/www.argentijnsemuziek.nl\/wp-content\/uploads\/FelixLuna-150x150.jpg\" alt=\"\" width=\"130\" height=\"131\" srcset=\"https:\/\/www.argentijnsemuziek.nl\/wp-content\/uploads\/FelixLuna-150x150.jpg 150w, https:\/\/www.argentijnsemuziek.nl\/wp-content\/uploads\/FelixLuna.jpg 226w\" sizes=\"(max-width: 130px) 100vw, 130px\" \/>Ram\u00edrez&#8217; belangrijkste tekstschrijver was historicus F\u00e9lix Luna (Navidad Nuestra, Los Caudillos, Mujeres Argentinas, Cantata Sudameric\u00e1na). Verder werkte hij met Miguel Brasc\u00f3 (Agua y Sol del Paran\u00e1, <img decoding=\"async\" class=\"alignnone size-full wp-image-4427\" src=\"https:\/\/www.argentijnsemuziek.nl\/wp-content\/uploads\/knopVideokl.jpg\" alt=\"\" width=\"10\" height=\"12\" \/>\u00a0<a href=\"https:\/\/www.youtube.com\/watch?v=uL9Q1w5PRWY\" target=\"_blank\" rel=\"noopener\">Santafesino de veras<\/a>), Guiche Aizemberg (<img decoding=\"async\" class=\"alignnone size-full wp-image-4427\" src=\"https:\/\/www.argentijnsemuziek.nl\/wp-content\/uploads\/knopVideokl.jpg\" alt=\"\" width=\"10\" height=\"12\" \/> <a href=\"https:\/\/www.youtube.com\/watch?v=k3x2Co2FdOM\" target=\"_blank\" rel=\"noopener\">Tr\u00edptico Mocov\u00ed<\/a>, Los inundados), Jaime D\u00e1valos (<img decoding=\"async\" class=\"alignnone size-full wp-image-4427\" src=\"https:\/\/www.argentijnsemuziek.nl\/wp-content\/uploads\/knopVideokl.jpg\" alt=\"\" width=\"10\" height=\"12\" \/> <a href=\"https:\/\/www.youtube.com\/watch?v=zw0AaUdf14M\" target=\"_blank\" rel=\"noopener\">El Paran\u00e1 en una zamba<\/a>) en eenmalig met de grote Atahualpa Yupanqui (<img decoding=\"async\" class=\"alignnone size-full wp-image-4427\" src=\"https:\/\/www.argentijnsemuziek.nl\/wp-content\/uploads\/knopVideokl.jpg\" alt=\"\" width=\"10\" height=\"12\" \/> <a href=\"https:\/\/www.youtube.com\/watch?v=8agxrEZ2xEc\" target=\"_blank\" rel=\"noopener\">La Hermanita Perdida<\/a> vanaf 2:50 min over de Islas Malvinas), waarbij Ram\u00edrez bij uitzondering de muziek schreef op een bestaande tekst.<br \/>\n<img loading=\"lazy\" decoding=\"async\" class=\"alignright wp-image-4348\" src=\"https:\/\/www.argentijnsemuziek.nl\/wp-content\/uploads\/Damian.jpg\" alt=\"\" width=\"130\" height=\"100\" \/>Ram\u00edrez maakte nooit de koorarrangementen bij zijn werken, maar liet dat over aan dirigenten\/arrangeurs. In de jaren 60 Pater S\u00e9gade, vanaf de jaren 80 Dami\u00e1n S\u00e1nchez, die de arrangementen van Misa Criolla en Navidad Nuestra aanpaste en die van de Misa por la Paz schreef.<\/p>\n<p>Ram\u00edrez werkte met talloze uitvoerenden, maar met sommigen langdurig: Het folklorekwartet Los Fronterizos zong als eerste Misa Criolla, maar ook tientallen jaren veel losse liederen. Mercedes Sosa werd al genoemd. Tenor Zamba Quipildor was de vaste solist in de koorwerken in de jaren 70 en 80, <a href=\"https:\/\/www.argentijnsemuziek.nl\/index.php\/javier-rodriguez\/\">Javier Rodr\u00edguez<\/a> in de jaren 90 en 2000. Al deze solisten zongen ook de liederen van Ram\u00edrez.<\/p>\n","protected":false},"excerpt":{"rendered":"<p>Argentijnse volksmuziek, pianist, componist Ariel Ram\u00edrez, geboren in Santa F\u00e9 in Argentini\u00eb in 1921, verspreidde vanaf het begin van de jaren vijftig van de 20e eeuw zijn kennis van en liefde voor de Argentijnse folkloremuziek. Hij componeerde toen al enige jaren, vooral \u00a0pianostukken voor zichzelf, maar ook liederen. Zijn in Argentini\u00eb bekende La tristecita dateert &#8230; <a title=\"Ariel Ram\u00edrez\" class=\"read-more\" href=\"https:\/\/www.argentijnsemuziek.nl\/index.php\/ariel-ramirez\/\" aria-label=\"Lees meer over Ariel Ram\u00edrez\">Lees verder<\/a><\/p>\n","protected":false},"author":17,"featured_media":0,"parent":0,"menu_order":0,"comment_status":"closed","ping_status":"closed","template":"","meta":{"footnotes":""},"class_list":["post-4603","page","type-page","status-publish"],"_links":{"self":[{"href":"https:\/\/www.argentijnsemuziek.nl\/index.php\/wp-json\/wp\/v2\/pages\/4603","targetHints":{"allow":["GET"]}}],"collection":[{"href":"https:\/\/www.argentijnsemuziek.nl\/index.php\/wp-json\/wp\/v2\/pages"}],"about":[{"href":"https:\/\/www.argentijnsemuziek.nl\/index.php\/wp-json\/wp\/v2\/types\/page"}],"author":[{"embeddable":true,"href":"https:\/\/www.argentijnsemuziek.nl\/index.php\/wp-json\/wp\/v2\/users\/17"}],"replies":[{"embeddable":true,"href":"https:\/\/www.argentijnsemuziek.nl\/index.php\/wp-json\/wp\/v2\/comments?post=4603"}],"version-history":[{"count":5,"href":"https:\/\/www.argentijnsemuziek.nl\/index.php\/wp-json\/wp\/v2\/pages\/4603\/revisions"}],"predecessor-version":[{"id":5285,"href":"https:\/\/www.argentijnsemuziek.nl\/index.php\/wp-json\/wp\/v2\/pages\/4603\/revisions\/5285"}],"wp:attachment":[{"href":"https:\/\/www.argentijnsemuziek.nl\/index.php\/wp-json\/wp\/v2\/media?parent=4603"}],"curies":[{"name":"wp","href":"https:\/\/api.w.org\/{rel}","templated":true}]}}