{"id":4668,"date":"2023-07-30T16:07:46","date_gmt":"2023-07-30T14:07:46","guid":{"rendered":"https:\/\/www.argentijnsemuziek.nl\/?page_id=4668"},"modified":"2023-08-07T19:43:50","modified_gmt":"2023-08-07T17:43:50","slug":"regio-la-plata","status":"publish","type":"page","link":"https:\/\/www.argentijnsemuziek.nl\/index.php\/regio-la-plata\/","title":{"rendered":"Regio La Plata"},"content":{"rendered":"<div><img decoding=\"async\" class=\"size-medium wp-image-4431 alignright\" src=\"https:\/\/www.argentijnsemuziek.nl\/wp-content\/uploads\/krtLaPlata-143x300.jpg\" alt=\"\" width=\"143\" height=\"300\" srcset=\"https:\/\/www.argentijnsemuziek.nl\/wp-content\/uploads\/krtLaPlata-143x300.jpg 143w, https:\/\/www.argentijnsemuziek.nl\/wp-content\/uploads\/krtLaPlata.jpg 214w\" sizes=\"(max-width: 143px) 100vw, 143px\" \/>De tango wordt gezien als d\u00e9 muziekstijl van Argentini\u00eb, maar hij hoort maar bij een heel klein deel van Argentini\u00eb: het gebied rond de La Plata-rivier. Het is dan ook net zo goed de muziek van Montevideo, de Uruguayaanse hoofdstad aan de andere oever van de R\u00edo de la Plata. De tango is rond 1900 tijdens de grote immigratiegolf ontstaan, veel later dan de meeste andere ritmes die op deze site beschreven worden. In de tangosalons, overal ter wereld, worden naast de tango vooral ook de vals en de milonga gedanst.<\/div>\n<div><img decoding=\"async\" class=\"size-full wp-image-4366 alignleft\" src=\"https:\/\/www.argentijnsemuziek.nl\/wp-content\/uploads\/DansTango1.jpg\" alt=\"\" width=\"120\" height=\"162\" \/>De tango ontstond vanaf 1880 in Buenos Aires en Montevideo uit een mengeling van de muziek van nieuwe immigranten uit Europa en de lokale bevolking van gaucho&#8217;s, Afrikanen en Cubanen. Vanaf ca 1900 wordt de tango vaak begeleid met de door Duitse mijnwerkers ingevoerde <a href=\"https:\/\/www.argentijnsemuziek.nl\/index.php\/harmonicas\/\">bandone\u00f3n<\/a>. <a href=\"https:\/\/www.argentijnsemuziek.nl\/index.php\/tango\/\">Lees meer ..<\/a>.<br \/>\nOok in Nederland wordt tegenwoordig veel tango gespeeld en gedanst.\u00a0 Tangodansscholen zijn te vinden op <a href=\"https:\/\/www.torito.nl\/agenda\/\" target=\"_blank\" rel=\"noopener\">Tango in Nederland<\/a>.<\/div>\n<div><\/div>\n<div><img decoding=\"async\" class=\"alignnone size-full wp-image-4427\" src=\"https:\/\/www.argentijnsemuziek.nl\/wp-content\/uploads\/knopVideokl.jpg\" alt=\"\" width=\"10\" height=\"12\" \/> <a href=\"https:\/\/www.youtube.com\/watch?v=r8Nsd954JJQ\" target=\"_blank\" rel=\"noopener\">gedanste tango<\/a> door Marieke en Moneir<\/div>\n<div><img decoding=\"async\" class=\"alignnone size-full wp-image-4427\" src=\"https:\/\/www.argentijnsemuziek.nl\/wp-content\/uploads\/knopVideokl.jpg\" alt=\"\" width=\"10\" height=\"12\" \/>\u00a0<a href=\"https:\/\/www.youtube.com\/watch?v=pPHflQeHCyg\" target=\"_blank\" rel=\"noopener\">Volver<\/a>, tango van Gardel en Le Pera, uitgevoerd door An\u00edbal Troilo en Astor Piazzolla<\/div>\n<div><\/div>\n<div><img loading=\"lazy\" decoding=\"async\" class=\"alignleft wp-image-4454\" src=\"https:\/\/www.argentijnsemuziek.nl\/wp-content\/uploads\/MusAYupanqui2.jpg\" alt=\"\" width=\"135\" height=\"132\" \/><\/div>\n<div>Het troubadoursgenre <strong>milonga<\/strong> ontstond op de pampa&#8217;s, de melancholieke milonga pampeana of milonga campera, meestal begeleid door een gitaar. In Buenos Aires ontwikkelde zich hieruit de veel snellere milonga urbana, de stadsmilonga, die in de tangosalons gedanst wordt.<\/div>\n<div><a href=\"https:\/\/www.argentijnsemuziek.nl\/index.php\/milonga\/#milongaurbana\">Lees meer &#8230;<\/a><\/div>\n<div><img decoding=\"async\" class=\"alignnone size-full wp-image-4427\" src=\"https:\/\/www.argentijnsemuziek.nl\/wp-content\/uploads\/knopVideokl.jpg\" alt=\"\" width=\"10\" height=\"12\" \/> <a href=\"https:\/\/www.youtube.com\/watch?v=1Ux_TP6I7nM\" target=\"_blank\" rel=\"noopener\">gedanste milonga urbana<\/a> (danswedstrijd)<\/div>\n<div><img decoding=\"async\" class=\"alignnone size-full wp-image-4427\" src=\"https:\/\/www.argentijnsemuziek.nl\/wp-content\/uploads\/knopVideokl.jpg\" alt=\"\" width=\"10\" height=\"12\" \/> <a href=\"https:\/\/www.youtube.com\/watch?v=w9g9jvZ4yJ0\" target=\"_blank\" rel=\"noopener\">Los ejes de mi carreta<\/a>, milonga campera van en door Atahualpa Yupanqui<\/div>\n<div><\/div>\n<div><img loading=\"lazy\" decoding=\"async\" class=\"alignright wp-image-4451 size-thumbnail\" src=\"https:\/\/www.argentijnsemuziek.nl\/wp-content\/uploads\/MusArielRamirezkl-150x150.jpg\" alt=\"\" width=\"150\" height=\"150\" \/>De <strong>vals<\/strong> (wals) heeft zijn oorsprong in de Europese wals. De basispas is, net als bij de milonga, gelijk aan die van de tango.\u00a0 \u00a0<a href=\"https:\/\/www.argentijnsemuziek.nl\/index.php\/vals\/\">Lees meer &#8230;<\/a><\/div>\n<div><\/div>\n<div><img decoding=\"async\" class=\"alignnone size-full wp-image-4427\" src=\"https:\/\/www.argentijnsemuziek.nl\/wp-content\/uploads\/knopVideokl.jpg\" alt=\"\" width=\"10\" height=\"12\" \/> <a href=\"https:\/\/www.youtube.com\/watch?v=994UDKQfCNM\" target=\"_blank\" rel=\"noopener\">Gedanste vals argentino<\/a><\/div>\n<div><img decoding=\"async\" class=\"alignnone size-full wp-image-4427\" src=\"https:\/\/www.argentijnsemuziek.nl\/wp-content\/uploads\/knopVideokl.jpg\" alt=\"\" width=\"10\" height=\"12\" \/>\u00a0<a href=\"https:\/\/www.youtube.com\/watch?v=Dh8OUd6HNs8\" target=\"_blank\" rel=\"noopener\">Desde el Alma<\/a>, creoolse vals van Melo en Mazi door Ariel Ram\u00edrez, piano<\/div>\n<div><\/div>\n<div><img loading=\"lazy\" decoding=\"async\" class=\"alignleft wp-image-4350 size-thumbnail\" src=\"https:\/\/www.argentijnsemuziek.nl\/wp-content\/uploads\/dansCandombe-150x150.jpg\" alt=\"\" width=\"150\" height=\"150\" \/>De <strong>candombe<\/strong> is een belangrijke voorloper van de tango, die vooral in Uruguay populair is. De oorsprong is onmiskenbaar Afrikaans.\u00a0 <a href=\"https:\/\/www.argentijnsemuziek.nl\/index.php\/candombe-en-murga\/\" target=\"_blank\" rel=\"noopener\">Lees meer &#8230;<\/a><\/div>\n<div><img decoding=\"async\" class=\"alignnone size-full wp-image-4427\" src=\"https:\/\/www.argentijnsemuziek.nl\/wp-content\/uploads\/knopVideokl.jpg\" alt=\"\" width=\"10\" height=\"12\" \/> <a href=\"https:\/\/www.youtube.com\/watch?v=1fEUMGt7e_Y\" target=\"_blank\" rel=\"noopener\">gedanste candombe<\/a><\/p>\n<\/div>\n<div>De <strong>murga<\/strong> komt waarschijnlijk uit Spanje. De muziek wordt gebruikt door groepen jongeren op straat, oorspronkelijk tijdens het carnaval. De murga is te horen in Buenos Aires en in Uruguay. <a href=\"https:\/\/www.argentijnsemuziek.nl\/index.php\/candombe-en-murga\/\">Lees meer &#8230;<\/a><\/div>\n","protected":false},"excerpt":{"rendered":"<p>De tango wordt gezien als d\u00e9 muziekstijl van Argentini\u00eb, maar hij hoort maar bij een heel klein deel van Argentini\u00eb: het gebied rond de La Plata-rivier. Het is dan ook net zo goed de muziek van Montevideo, de Uruguayaanse hoofdstad aan de andere oever van de R\u00edo de la Plata. De tango is rond 1900 &#8230; <a title=\"Regio La Plata\" class=\"read-more\" href=\"https:\/\/www.argentijnsemuziek.nl\/index.php\/regio-la-plata\/\" aria-label=\"Lees meer over Regio La Plata\">Lees verder<\/a><\/p>\n","protected":false},"author":17,"featured_media":0,"parent":0,"menu_order":0,"comment_status":"closed","ping_status":"closed","template":"","meta":{"footnotes":""},"class_list":["post-4668","page","type-page","status-publish"],"_links":{"self":[{"href":"https:\/\/www.argentijnsemuziek.nl\/index.php\/wp-json\/wp\/v2\/pages\/4668","targetHints":{"allow":["GET"]}}],"collection":[{"href":"https:\/\/www.argentijnsemuziek.nl\/index.php\/wp-json\/wp\/v2\/pages"}],"about":[{"href":"https:\/\/www.argentijnsemuziek.nl\/index.php\/wp-json\/wp\/v2\/types\/page"}],"author":[{"embeddable":true,"href":"https:\/\/www.argentijnsemuziek.nl\/index.php\/wp-json\/wp\/v2\/users\/17"}],"replies":[{"embeddable":true,"href":"https:\/\/www.argentijnsemuziek.nl\/index.php\/wp-json\/wp\/v2\/comments?post=4668"}],"version-history":[{"count":5,"href":"https:\/\/www.argentijnsemuziek.nl\/index.php\/wp-json\/wp\/v2\/pages\/4668\/revisions"}],"predecessor-version":[{"id":5199,"href":"https:\/\/www.argentijnsemuziek.nl\/index.php\/wp-json\/wp\/v2\/pages\/4668\/revisions\/5199"}],"wp:attachment":[{"href":"https:\/\/www.argentijnsemuziek.nl\/index.php\/wp-json\/wp\/v2\/media?parent=4668"}],"curies":[{"name":"wp","href":"https:\/\/api.w.org\/{rel}","templated":true}]}}