{"id":4816,"date":"2023-08-02T16:46:10","date_gmt":"2023-08-02T14:46:10","guid":{"rendered":"https:\/\/www.argentijnsemuziek.nl\/?page_id=4816"},"modified":"2023-10-25T15:24:12","modified_gmt":"2023-10-25T13:24:12","slug":"cds-kopen","status":"publish","type":"page","link":"https:\/\/www.argentijnsemuziek.nl\/index.php\/cds-kopen\/","title":{"rendered":"CD&#8217;s kopen"},"content":{"rendered":"<p>SAM verkoopt op beperkte schaal Argentijnse cd&#8217;s, die in Nederland anders moeilijk verkrijgbaar zijn. Vanaf 2023 verkopen wij alleen nog cd&#8217;s van tenor <a href=\"https:\/\/www.argentijnsemuziek.nl\/index.php\/javier-rodriguez\/\">Javier Rodr\u00edguez<\/a>.<\/p>\n<p><span class=\"auto-style10\"><strong>Bestellen per mail<\/strong><\/span><br \/>\nStuur een\u00a0<a href=\"mailto:rig.mutschler@planet.nl\">mail<\/a>\u00a0met je bestelling + adresgegevens en maak het genoemde bedrag over op bankrekening NL57ASNB0707401445 t.n.v. R. Mutschler, Leiden ovv de titel van de cd.<\/p>\n<p><strong>Prijs<\/strong><br \/>\nper cd \u20ac 18,00, inclusief verzendkosten<br \/>\ntwee cd&#8217;s voor \u20ac 30, inclusief verzendkosten<\/p>\n<p><strong>Misa Criolla<\/strong><br \/>\n<img decoding=\"async\" class=\"alignleft wp-image-4338\" src=\"https:\/\/www.argentijnsemuziek.nl\/wp-content\/uploads\/CDMisaCriollaAlgo-300x254.jpg\" alt=\"\" width=\"150\" height=\"127\" srcset=\"https:\/\/www.argentijnsemuziek.nl\/wp-content\/uploads\/CDMisaCriollaAlgo-300x254.jpg 300w, https:\/\/www.argentijnsemuziek.nl\/wp-content\/uploads\/CDMisaCriollaAlgo.jpg 359w\" sizes=\"(max-width: 150px) 100vw, 150px\" \/>Misa Criolla\/algo+, 2006<br \/>\nMisa Criolla en solorepertoire van Argentijnse volksritmes door Javier Rodr\u00edguez.<br \/>\nDeze cd komt in inhoud overeen met de cd Vientos de hermandad (2002)<\/p>\n<p><a href=\"https:\/\/www.argentijnsemuziek.nl\/index.php\/cd-misa-criolla-algo\/\">lees meer &#8230;<\/a><\/p>\n<p><strong>Misa por la Paz\/Navidad Nuestra<\/strong><br \/>\n<img decoding=\"async\" class=\"alignleft wp-image-4339\" src=\"https:\/\/www.argentijnsemuziek.nl\/wp-content\/uploads\/CDMPPJNN-300x300.jpg\" alt=\"\" width=\"123\" height=\"123\" srcset=\"https:\/\/www.argentijnsemuziek.nl\/wp-content\/uploads\/CDMPPJNN-300x300.jpg 300w, https:\/\/www.argentijnsemuziek.nl\/wp-content\/uploads\/CDMPPJNN-150x150.jpg 150w, https:\/\/www.argentijnsemuziek.nl\/wp-content\/uploads\/CDMPPJNN.jpg 481w\" sizes=\"(max-width: 123px) 100vw, 123px\" \/><\/p>\n<p>De vredesmis Misa por la Paz y la Justicia en kerstcantate Navidad Nuestra 2011<br \/>\nVredesmis met Argentijns koor, Navidad Nuestra met Nederlands koor, tenor Javier Rodr\u00edguez<\/p>\n<p><a href=\"https:\/\/www.argentijnsemuziek.nl\/index.php\/cd-misa-por-la-paz-y-la-justicia\/\">lees meer &#8230;<\/a><\/p>\n<p><strong>Tango&#8217;s en volksmuziek<\/strong><br \/>\n<img decoding=\"async\" class=\"alignleft wp-image-4345 \" src=\"https:\/\/www.argentijnsemuziek.nl\/wp-content\/uploads\/CDTangochechango-150x150.jpg\" alt=\"\" width=\"140\" height=\"140\" srcset=\"https:\/\/www.argentijnsemuziek.nl\/wp-content\/uploads\/CDTangochechango-150x150.jpg 150w, https:\/\/www.argentijnsemuziek.nl\/wp-content\/uploads\/CDTangochechango-300x300.jpg 300w, https:\/\/www.argentijnsemuziek.nl\/wp-content\/uploads\/CDTangochechango.jpg 472w\" sizes=\"(max-width: 140px) 100vw, 140px\" \/><\/p>\n<p>Tango, che chango 2008<br \/>\nTango&#8217;s en Argentijnse volksmuziek door Javier Rodr\u00edguez, waaronder composities van Ram\u00edrez met Ram\u00edrez zelf aan de piano.<\/p>\n<p><a href=\"https:\/\/www.argentijnsemuziek.nl\/index.php\/cd-tango-che-chango\/\">lees meer &#8230;<\/a><\/p>\n<p>&nbsp;<\/p>\n<p><img loading=\"lazy\" decoding=\"async\" class=\"wp-image-4346 alignleft\" src=\"https:\/\/www.argentijnsemuziek.nl\/wp-content\/uploads\/CDTangosValsesMilongas-150x150.jpg\" alt=\"\" width=\"143\" height=\"143\" \/><\/p>\n<p>&nbsp;<\/p>\n<p>CDs van Opus Cuatro zijn in Nederland niet meer verkrijgbaar, maar wel te beluisteren via Spotify.<\/p>\n<p>&nbsp;<\/p>\n<p>&nbsp;<\/p>\n<p>SAM heeft in eigen beheer in Argentini\u00eb ingezongen oefen-cd&#8217;s voor koorzangers laten maken. Die vind je op de pagina <a href=\"https:\/\/www.argentijnsemuziek.nl\/index.php\/partituren-kopen\/\">partituren<\/a>.<\/p>\n","protected":false},"excerpt":{"rendered":"<p>SAM verkoopt op beperkte schaal Argentijnse cd&#8217;s, die in Nederland anders moeilijk verkrijgbaar zijn. Vanaf 2023 verkopen wij alleen nog cd&#8217;s van tenor Javier Rodr\u00edguez. Bestellen per mail Stuur een\u00a0mail\u00a0met je bestelling + adresgegevens en maak het genoemde bedrag over op bankrekening NL57ASNB0707401445 t.n.v. R. Mutschler, Leiden ovv de titel van de cd. Prijs per &#8230; <a title=\"CD&#8217;s kopen\" class=\"read-more\" href=\"https:\/\/www.argentijnsemuziek.nl\/index.php\/cds-kopen\/\" aria-label=\"Lees meer over CD&#8217;s kopen\">Lees verder<\/a><\/p>\n","protected":false},"author":1,"featured_media":0,"parent":0,"menu_order":0,"comment_status":"closed","ping_status":"closed","template":"","meta":{"footnotes":""},"class_list":["post-4816","page","type-page","status-publish"],"_links":{"self":[{"href":"https:\/\/www.argentijnsemuziek.nl\/index.php\/wp-json\/wp\/v2\/pages\/4816","targetHints":{"allow":["GET"]}}],"collection":[{"href":"https:\/\/www.argentijnsemuziek.nl\/index.php\/wp-json\/wp\/v2\/pages"}],"about":[{"href":"https:\/\/www.argentijnsemuziek.nl\/index.php\/wp-json\/wp\/v2\/types\/page"}],"author":[{"embeddable":true,"href":"https:\/\/www.argentijnsemuziek.nl\/index.php\/wp-json\/wp\/v2\/users\/1"}],"replies":[{"embeddable":true,"href":"https:\/\/www.argentijnsemuziek.nl\/index.php\/wp-json\/wp\/v2\/comments?post=4816"}],"version-history":[{"count":5,"href":"https:\/\/www.argentijnsemuziek.nl\/index.php\/wp-json\/wp\/v2\/pages\/4816\/revisions"}],"predecessor-version":[{"id":5773,"href":"https:\/\/www.argentijnsemuziek.nl\/index.php\/wp-json\/wp\/v2\/pages\/4816\/revisions\/5773"}],"wp:attachment":[{"href":"https:\/\/www.argentijnsemuziek.nl\/index.php\/wp-json\/wp\/v2\/media?parent=4816"}],"curies":[{"name":"wp","href":"https:\/\/api.w.org\/{rel}","templated":true}]}}