{"id":4993,"date":"2023-08-03T23:31:55","date_gmt":"2023-08-03T21:31:55","guid":{"rendered":"https:\/\/www.argentijnsemuziek.nl\/?page_id=4993"},"modified":"2023-10-22T17:01:07","modified_gmt":"2023-10-22T15:01:07","slug":"pampa-en-patagonie","status":"publish","type":"page","link":"https:\/\/www.argentijnsemuziek.nl\/index.php\/pampa-en-patagonie\/","title":{"rendered":"Pampa en Patagoni\u00eb"},"content":{"rendered":"<p><img decoding=\"async\" class=\"size-medium wp-image-4439 alignright\" src=\"https:\/\/www.argentijnsemuziek.nl\/wp-content\/uploads\/krtSur-143x300.jpg\" alt=\"\" width=\"143\" height=\"300\" srcset=\"https:\/\/www.argentijnsemuziek.nl\/wp-content\/uploads\/krtSur-143x300.jpg 143w, https:\/\/www.argentijnsemuziek.nl\/wp-content\/uploads\/krtSur.jpg 214w\" sizes=\"(max-width: 143px) 100vw, 143px\" \/>Het zuidelijk deel van Argentini\u00eb is minder rijk aan muziekstijlen dan het noorden. De sfeer is vaak melancholieker, de ritmes langzamer. De uitgestrektheid en eenzaamheid van de vlaktes zijn vaak hoorbaar. Het zuiden van Argentini\u00eb is dun bevolkt. Naast kleine groepen oorspronkelijke bewoners, Mapuches en Tehuelches, wonen er veel Europese immigranten. De cultuur van de rondtrekkende gauchos werd binnen Argentini\u00eb eerst als ruw en ongeciviliseerd gezien, maar is na het verschijnen van het boek <em>El gaucho Mart\u00edn Fierro<\/em> in 1872 symbool geworden voor de Argentijnse identiteit.\u200b<\/p>\n<p><span class=\"auto-style7\"><strong>Huella<br \/>\n<\/strong><\/span><strong><img decoding=\"async\" class=\"size-full wp-image-4360 alignleft\" src=\"https:\/\/www.argentijnsemuziek.nl\/wp-content\/uploads\/dansHuella.jpg\" alt=\"\" width=\"116\" height=\"120\" \/><\/strong>De huella, &#8216;spoor&#8217;, is ontstaan op de Pampa rond 1820. \u00a0Het ritme drukt een mengeling van melancholie en blijdschap uit.<br \/>\n<a class=\"auto-style11\" href=\"https:\/\/www.argentijnsemuziek.nl\/index.php\/huella\/\"><span class=\"auto-style7\">Lees meer &#8230;<\/span><\/a><br \/>\n<img decoding=\"async\" src=\"https:\/\/www.argentijnsemuziek.nl\/images\/knopVideokl.jpg\" width=\"10\" height=\"12\" \/>\u00a0<a href=\"https:\/\/www.youtube.com\/watch?v=acsRxRN80Mg\" target=\"_blank\" rel=\"noopener\">gedanste huella<\/a> in provincie Chubut.<br \/>\n<img loading=\"lazy\" decoding=\"async\" src=\"https:\/\/www.argentijnsemuziek.nl\/images\/knopAudiokl.jpg\" width=\"8\" height=\"12\" \/> La peregrinaci\u00f3n uit\u00a0<em>Navidad Nuestra<\/em>\u00a0van Ariel Ram\u00edrez, gezongen door\u00a0<a href=\"https:\/\/www.argentijnsemuziek.nl\/JavierRodriguez.html\">Javier Rodr\u00edguez<\/a>\u00a0en HVE<\/p>\n<audio class=\"wp-audio-shortcode\" id=\"audio-4993-1\" preload=\"none\" style=\"width: 100%;\" controls=\"controls\"><source type=\"audio\/mpeg\" src=\"https:\/\/www.argentijnsemuziek.nl\/wp-content\/uploads\/JRNavidad-Peregrinacion.mp3?_=1\" \/><a href=\"https:\/\/www.argentijnsemuziek.nl\/wp-content\/uploads\/JRNavidad-Peregrinacion.mp3\">https:\/\/www.argentijnsemuziek.nl\/wp-content\/uploads\/JRNavidad-Peregrinacion.mp3<\/a><\/audio>\n<p>&nbsp;<\/p>\n<p><a href=\"https:\/\/www.argentijnsemuziek.nl\/index.php\/javier-rodriguez\/\"><img loading=\"lazy\" decoding=\"async\" class=\"wp-image-4471 alignleft\" src=\"https:\/\/www.argentijnsemuziek.nl\/wp-content\/uploads\/MusJavierRodriguezMCSchalm2016fotoJohnVervoort.jpg\" alt=\"\" width=\"84\" height=\"113\" \/><\/a><span class=\"auto-style7\"><strong>Estilo pampeano<\/strong><\/span><br \/>\nDit langzame ritme drukt de eenzaamheid en afstand van de Pampa&#8217;s uit. De gitaar is het leidend instrument.\u00a0<a href=\"https:\/\/www.argentijnsemuziek.nl\/index.php\/ariel-ramirez\/\">Ariel Ram\u00edrez<\/a>\u00a0 gebruikt de estilo pampeano in zijn beide missen voor het Agnus Dei (Cordero de Dios, Lam Gods). De piano, die Ram\u00edrez (als pianist?) wel gebruikt in de estilo pampeano, hoort er eigenlijk niet in thuis.<br \/>\n<a class=\"auto-style11\" href=\"https:\/\/www.argentijnsemuziek.nl\/index.php\/estilo\/\"><span class=\"auto-style7\">Lees meer &#8230;<\/span><\/a><br \/>\n<img decoding=\"async\" src=\"https:\/\/www.argentijnsemuziek.nl\/images\/knopVideokl.jpg\" width=\"10\" height=\"12\" \/>\u00a0<a href=\"https:\/\/www.youtube.com\/watch?v=3eBICQ7INkA\" target=\"_blank\" rel=\"noopener\">Agnus Dei\u00a0<\/a>uit\u00a0<a href=\"https:\/\/www.argentijnsemuziek.nl\/index.php\/misa-criolla\/\" target=\"_blank\" rel=\"noopener\"><em>Misa Criolla<\/em><\/a>\u00a0door Javier Rodr\u00edguez met het Praagse koor Canticorum Iubilo olv Petr Janecek<\/p>\n<p><strong><img loading=\"lazy\" decoding=\"async\" class=\"wp-image-4395 alignleft\" src=\"https:\/\/www.argentijnsemuziek.nl\/wp-content\/uploads\/instrGitaar1.jpg\" alt=\"\" width=\"130\" height=\"129\" srcset=\"https:\/\/www.argentijnsemuziek.nl\/wp-content\/uploads\/instrGitaar1.jpg 300w, https:\/\/www.argentijnsemuziek.nl\/wp-content\/uploads\/instrGitaar1-150x150.jpg 150w\" sizes=\"(max-width: 130px) 100vw, 130px\" \/><\/strong><span class=\"auto-style7\"><strong>Milonga<\/strong><\/span><br \/>\nDe milonga is oorspronkelijk een ritme van de gaucho&#8217;s van de Pampa:\u00a0 vrij langzaam, melancholiek.<br \/>\n<a class=\"auto-style11\" href=\"https:\/\/www.argentijnsemuziek.nl\/index.php\/milonga\/#milongaurbana\"><span class=\"auto-style7\">Lees meer &#8230;<\/span><\/a><br \/>\nIn Buenos Aires kreeg de milonga een heel ander karakter. Daar werd het het &#8216;snelle broertje van de tango&#8217;, de vrolijke milonga urbana (stadsmilonga).<br \/>\n<img decoding=\"async\" src=\"https:\/\/www.argentijnsemuziek.nl\/images\/knopVideokl.jpg\" width=\"10\" height=\"12\" \/>\u00a0<a href=\"https:\/\/www.youtube.com\/watch?v=xcHv9YWsZGo\" target=\"_blank\" rel=\"noopener\">Milonga uruguaya\u00a0<\/a>, milonga campera van Ariel Ram\u00edrez door Ariel Ram\u00edrez en Eduardo Fal\u00fa 1993<\/p>\n<p>&nbsp;<\/p>\n<p><strong><img loading=\"lazy\" decoding=\"async\" class=\" wp-image-4361 alignleft\" src=\"https:\/\/www.argentijnsemuziek.nl\/wp-content\/uploads\/dansLoncomeo.jpg\" alt=\"\" width=\"173\" height=\"165\" \/><\/strong><span class=\"auto-style7\"><strong>Loncomeo en andere ritmes van Patagoni\u00eb<\/strong><\/span><br \/>\nDe loncomeo of lonkomew is een dans voor 6 mannen en komt van de Tehuelches in het oosten van Patagoni\u00eb. De Mapuches in het westen hebben de dans overgenomen en gebruiken hem bij het feest tgv de eerste menstruatie van een meisje. Karakteristiek zijn de heftige hoofdbewegingen.\u00a0Andere ritmes uit deze streek zijn de\u00a0<strong>Kaani<\/strong>, de\u00a0<strong>Chorrillera<\/strong>\u00a0en de\u00a0<strong>Cordillero<\/strong>.<br \/>\n<a class=\"auto-style11\" href=\"https:\/\/www.argentijnsemuziek.nl\/index.php\/patagonie\/\">Lees meer &#8230;<\/a><br \/>\n<img decoding=\"async\" src=\"https:\/\/www.argentijnsemuziek.nl\/images\/knopVideokl.jpg\" width=\"10\" height=\"12\" \/>\u00a0<a href=\"https:\/\/www.youtube.com\/watch?v=waexCPg83l8\" target=\"_blank\" rel=\"noopener\">gedanste loncomeo<\/a><br \/>\n<img loading=\"lazy\" decoding=\"async\" src=\"https:\/\/www.argentijnsemuziek.nl\/images\/knopAudiokl.jpg\" width=\"8\" height=\"12\" \/>\u00a0Vienen desde el Sur\u00a0van An\u00edbal Cuadros gezongen door\u00a0<a href=\"https:\/\/www.argentijnsemuziek.nl\/index.php\/javier-rodriguez\/\">Javier Rodr\u00edguez<\/a>, live Breda 2003<\/p>\n<audio class=\"wp-audio-shortcode\" id=\"audio-4993-2\" preload=\"none\" style=\"width: 100%;\" controls=\"controls\"><source type=\"audio\/mpeg\" src=\"https:\/\/www.argentijnsemuziek.nl\/wp-content\/uploads\/JRVienenSur.mp3?_=2\" \/><a href=\"https:\/\/www.argentijnsemuziek.nl\/wp-content\/uploads\/JRVienenSur.mp3\">https:\/\/www.argentijnsemuziek.nl\/wp-content\/uploads\/JRVienenSur.mp3<\/a><\/audio>\n<p>&nbsp;<\/p>\n<figure id=\"attachment_4339\" aria-describedby=\"caption-attachment-4339\" style=\"width: 124px\" class=\"wp-caption alignleft\"><img loading=\"lazy\" decoding=\"async\" class=\" wp-image-4339\" src=\"https:\/\/www.argentijnsemuziek.nl\/wp-content\/uploads\/CDMPPJNN-300x300.jpg\" alt=\"\" width=\"134\" height=\"134\" srcset=\"https:\/\/www.argentijnsemuziek.nl\/wp-content\/uploads\/CDMPPJNN-300x300.jpg 300w, https:\/\/www.argentijnsemuziek.nl\/wp-content\/uploads\/CDMPPJNN-150x150.jpg 150w, https:\/\/www.argentijnsemuziek.nl\/wp-content\/uploads\/CDMPPJNN.jpg 481w\" sizes=\"(max-width: 134px) 100vw, 134px\" \/><figcaption id=\"caption-attachment-4339\" class=\"wp-caption-text\">cd Misa por la Paz<\/figcaption><\/figure>\n<p>Ook op de pampa zijn uitbundiger ritmes ontstaan: in 6\/8 maat, zoals de door alleen mannen gedanste\u00a0<span class=\"auto-style7\"><strong>Malambo<\/strong><\/span>, een heftige dans van rond 1600,en de\u00a0<span class=\"auto-style7\"><strong>Triunfo<\/strong><\/span>, \u00e9\u00e9n van de overwinningsdansen ontstaan in de provincie Buenos Aires rond de vrijheidsstrijd aan het begin van de 19e eeuw.<br \/>\n<a class=\"auto-style11\" href=\"https:\/\/www.argentijnsemuziek.nl\/index.php\/malambo-en-triunfo\/\"><span class=\"auto-style7\">Lees meer &#8230;<\/span><\/a><br \/>\n<img decoding=\"async\" src=\"https:\/\/www.argentijnsemuziek.nl\/images\/knopVideokl.jpg\" width=\"10\" height=\"12\" \/>\u00a0<a href=\"http:\/\/www.youtube.com\/watch?v=76aNpL2LLkI&amp;feature=youtu.be&amp;t=4m33s\" target=\"_blank\" rel=\"noopener\">gedanste malambo<\/a><br \/>\n<img decoding=\"async\" src=\"https:\/\/www.argentijnsemuziek.nl\/images\/knopVideokl.jpg\" width=\"10\" height=\"12\" \/>\u00a0<a href=\"https:\/\/www.youtube.com\/watch?v=Lu-rnOGNR4k\" target=\"_blank\" rel=\"noopener\">gedanste triunfo<\/a><br \/>\n<img loading=\"lazy\" decoding=\"async\" src=\"https:\/\/www.argentijnsemuziek.nl\/images\/knopAudiokl.jpg\" width=\"8\" height=\"12\" \/>\u00a0Creo en Dios, malambo van cd\u00a0<em>Misa por la Paz<\/em>\u00a0door Javier Rodr\u00edguez en Cantor\u00eda de la Merced<\/p>\n<audio class=\"wp-audio-shortcode\" id=\"audio-4993-3\" preload=\"none\" style=\"width: 100%;\" controls=\"controls\"><source type=\"audio\/mpeg\" src=\"https:\/\/www.argentijnsemuziek.nl\/wp-content\/uploads\/JRMisaPazCredo.mp3?_=3\" \/><a href=\"https:\/\/www.argentijnsemuziek.nl\/wp-content\/uploads\/JRMisaPazCredo.mp3\">https:\/\/www.argentijnsemuziek.nl\/wp-content\/uploads\/JRMisaPazCredo.mp3<\/a><\/audio>\n","protected":false},"excerpt":{"rendered":"<p>Het zuidelijk deel van Argentini\u00eb is minder rijk aan muziekstijlen dan het noorden. De sfeer is vaak melancholieker, de ritmes langzamer. De uitgestrektheid en eenzaamheid van de vlaktes zijn vaak hoorbaar. Het zuiden van Argentini\u00eb is dun bevolkt. Naast kleine groepen oorspronkelijke bewoners, Mapuches en Tehuelches, wonen er veel Europese immigranten. De cultuur van de &#8230; <a title=\"Pampa en Patagoni\u00eb\" class=\"read-more\" href=\"https:\/\/www.argentijnsemuziek.nl\/index.php\/pampa-en-patagonie\/\" aria-label=\"Lees meer over Pampa en Patagoni\u00eb\">Lees verder<\/a><\/p>\n","protected":false},"author":17,"featured_media":0,"parent":0,"menu_order":0,"comment_status":"closed","ping_status":"closed","template":"","meta":{"footnotes":""},"class_list":["post-4993","page","type-page","status-publish"],"_links":{"self":[{"href":"https:\/\/www.argentijnsemuziek.nl\/index.php\/wp-json\/wp\/v2\/pages\/4993","targetHints":{"allow":["GET"]}}],"collection":[{"href":"https:\/\/www.argentijnsemuziek.nl\/index.php\/wp-json\/wp\/v2\/pages"}],"about":[{"href":"https:\/\/www.argentijnsemuziek.nl\/index.php\/wp-json\/wp\/v2\/types\/page"}],"author":[{"embeddable":true,"href":"https:\/\/www.argentijnsemuziek.nl\/index.php\/wp-json\/wp\/v2\/users\/17"}],"replies":[{"embeddable":true,"href":"https:\/\/www.argentijnsemuziek.nl\/index.php\/wp-json\/wp\/v2\/comments?post=4993"}],"version-history":[{"count":5,"href":"https:\/\/www.argentijnsemuziek.nl\/index.php\/wp-json\/wp\/v2\/pages\/4993\/revisions"}],"predecessor-version":[{"id":5663,"href":"https:\/\/www.argentijnsemuziek.nl\/index.php\/wp-json\/wp\/v2\/pages\/4993\/revisions\/5663"}],"wp:attachment":[{"href":"https:\/\/www.argentijnsemuziek.nl\/index.php\/wp-json\/wp\/v2\/media?parent=4993"}],"curies":[{"name":"wp","href":"https:\/\/api.w.org\/{rel}","templated":true}]}}